Suppose -3*p + 14 = -10. Let n(w) = 1 - p*w + 2*w**2 + 0 - w**2. Suppose -120*k = -122*k + 14. Give n(k).
-6
Let u(h) = -1340 + 1324 + 5*h - h**2 + 5*h. Give u(8).
0
Suppose 0 = -10*m + 156 + 104. Let r(f) = f**2 - 27*f + 21. Calculate r(m).
-5
Let w(m) = -m + 12. Let a(y) = -15*y**3 + 3*y**2 + y - 2. Let f be a(-1). Determine w(f).
-3
Let p(o) = 20*o - 13. Let l(r) = -3*r + 2. Let q(g) = 39*l(g) + 6*p(g). Suppose -2*d - 19 = -2*v - d, 0 = 4*v - 4*d - 28. Suppose 9 - v = -3*w. What is q(w)?
3
Let i(w) = -7*w**3 - w**2 + 7*w. Let r(x) = 21*x**3 + 2*x**2 - 18*x. Let q(a) = -8*i(a) - 3*r(a). What is q(1)?
-7
Let d(v) = v - 6. Let q be d(9). Suppose -q*t + 4*t = -13. Let k(m) = -m - 15. Let s be k(t). Let x(r) = -r - 3. Calculate x(s).
-1
Let d(s) = 11 + 3 - s + 4 - 12. Give d(-2).
8
Let a(r) = -r**3 - 4*r**2 + 4*r - 6. Suppose 5*q = -t - t + 374, -4*t - 288 = -4*q. Suppose 10 = -76*m + q*m. Calculate a(m).
-1
Suppose 2*q - 6 = 0, q + 534 = 5*x + 152. Let y = x - 41. Let n be (-5)/6 - 6/y. Let f(i) = 10*i + 1. Determine f(n).
-9
Let w(k) = 15*k**2 + k - 2. Let s(q) = -7*q**2 + 1. Let u(j) = 9*s(j) + 4*w(j). Let t(l) = -l**3 + 6*l**2 + 6*l + 10. Let g be t(7). Determine u(g).
-14
Let q(u) = -5955*u**2 + 4 + 0*u**3 - 3*u + 5958*u**2 - u**3. Calculate q(3).
-5
Let s(m) = -25*m**2 - m + 7. Let g(j) = -12*j**2 + 3. Let q(n) = -5*g(n) + 2*s(n). Calculate q(-1).
11
Let a(w) = -2*w. Let d(q) = 2*q**3 + 23*q**2 + 5*q - 58. Let s be d(-11). What is a(s)?
-16
Let r = 7 + -5. Suppose -26 = -4*o + 2*p, 0 = -o + r*o - 5*p - 2. Let a(j) = 5 + 7 - 4 - j. What is a(o)?
1
Let o(j) = -5*j**2 + 2*j - 1 - 7*j - j - j**3 + 0*j**2 + 0*j. Suppose 3*y + 3*x + 10 + 17 = 0, 0 = 2*x + 10. Determine o(y).
7
Let j be 1 + 3 - (1/1)/1. Suppose 0 = 4*t - k + 2 - 24, 0 = -j*t - 5*k + 28. Let p(w) = -6*w**2 - 6 - w**2 + w**2 + w**3 + 2*w. Give p(t).
6
Let b(f) = -f**2 - 4*f + 4. Let p = 34 - 30. Suppose h + 1 = -p. What is b(h)?
-1
Suppose -5*g + 5*p + 15 = 0, 0*g - 2 = -3*g - 4*p. Let q(w) = 19 - 3*w**2 - 4*w - 24 + g*w**3 - w**3. What is q(4)?
-5
Suppose t + 22 = -t - 5*k, 36 = -5*t - 3*k. Let n(i) = 116*i**3 - 7*i - 117*i**3 - 6*i**2 - 5*i**2 + i**2 + 3*i**2 - 7. Calculate n(t).
-1
Suppose 0*o + 13*o - 117 = 0. Suppose 0*b = -o*b + 72. Let c(s) = s - 3. What is c(b)?
5
Let i be 5/(9/2 + -2). Let b(w) = 2*w**i - w**2 - 8*w - 19*w + 34*w. Calculate b(-5).
-10
Suppose g - 4 + 1 = 0. Let w(d) = -7*d + 6 + 9*d - 2*d - g*d. Determine w(5).
-9
Let g(v) = v**2 - 4*v + 4. Suppose 3*p - 1 = -4*y, -4*y + 10 + 31 = -5*p. Calculate g(y).
4
Let d(j) = -j**2 - 5*j - 4. Suppose 3*c + 16 = 1. Let q = -17 - c. Let l(t) = -t**3 - 13*t**2 - 13*t - 15. Let r be l(q). Determine d(r).
2
Let x(u) = -u**3 - 2*u**2 + 4*u + 4. Suppose -2*m = 5*s + 2, 0 = -5*s - 2*m + 4*m - 18. Let d be (2/(-4) + 1)*s. Let b(z) = 4*z + 1. Let i be b(d). Give x(i).
1
Suppose 2*o + 4 = -0. Let j = 3 + 0. Let b(z) = -j*z - 3*z + 5*z - 5*z. What is b(o)?
12
Let u(z) be the first derivative of z**4/4 - 2*z**3 - 7*z**2/2 + 4*z + 648. Let k = 10 - 3. Calculate u(k).
4
Let h(b) = -6*b - 15. Let r(p) = 3*p + 7. Let c(j) = 4*h(j) + 9*r(j). What is c(-3)?
-6
Let u(t) = 3*t**2 - 9*t - 4. Let f(i) = -i**2 - 1. Let h(a) = 2*f(a) + u(a). Give h(10).
4
Suppose -435 = -55*i + 115. Let m(p) be the first derivative of i + p - 1/2*p**2. What is m(5)?
-4
Let l(s) be the third derivative of 0*s - 1/24*s**4 + 0*s**3 + 0 - 1/12*s**5 - 6*s**2. Calculate l(1).
-6
Let u be -2*(-3)/(-5 + 11). Let z(d) = -38*d**2 + d - 1. Give z(u).
-38
Let p(q) = -5*q + 3. Let a = -931 + 932. Give p(a).
-2
Let m = -121 - -122. Let z(w) = 8*w**3 - w**2 + 1. Give z(m).
8
Let k(x) = x**2 - 2*x. Let i = 1683 + -1676. Calculate k(i).
35
Let y(g) = -38*g - 17. Suppose 21 = 11*f - 4*f. Let v(t) = 13*t + 6. Let x(l) = f*y(l) + 8*v(l). Determine x(-2).
17
Let n(l) = -6*l**3 + l**2 - 21*l - 10. Let i(c) = -c**3 - 4*c - 2. Suppose 9*q - 4*q + 55 = 0. Let h(a) = q*i(a) + 2*n(a). Calculate h(3).
-1
Let o(t) = -19*t - 63. Let h be o(-3). Let c(d) = d + 6. Calculate c(h).
0
Let u(z) be the second derivative of z**4/12 + 5*z**3/3 + 4*z**2 + 5*z. Give u(-9).
-1
Let v(r) = -48*r**3 + 71*r**2 + 127*r - 59. Let y(f) = -17*f**3 + 24*f**2 + 43*f - 20. Let w(q) = -6*v(q) + 17*y(q). Determine w(-16).
-2
Let c(b) = -3*b**2 - 10*b + 1. Let f(r) = -5*r**2 - 15*r + 4. Let y(l) = -7*c(l) + 4*f(l). Suppose -2*j = -j - 10. Let i = j + -18. Calculate y(i).
-7
Let i(o) be the second derivative of -4*o**4/3 + o**3/6 - o**2/2 - 50*o. Calculate i(1).
-16
Let a(c) be the first derivative of -c**4/4 + c**3/3 - 1283. Suppose -2*h - 2*d + 8 = 0, -3*d - 4 = h - 16. Let k be 2/4*h/(-2). Determine a(k).
0
Let l(i) = -8*i - 5. Let k be 3*(0 - (-6)/9). Let x(u) = 17*u + 11. Let o(t) = k*x(t) + 5*l(t). Let q be ((-4)/5)/(26/65). Give o(q).
9
Let y(u) = u**3 - 5*u**2 + 4*u + 2. Let m = 140 + -144. Let n(v) = 2*v. Let k(j) = 2*j - 1. Let s(d) = 4*k(d) - 5*n(d). Let c be s(m). Calculate y(c).
2
Let c = -11039/60 - -184. Let d(g) be the third derivative of 1/120*g**6 + 3*g**2 - 1/12*g**4 - 1/6*g**3 + 0 + 0*g - c*g**5. Give d(-1).
-1
Suppose 0 = -f - 5*w + 16, 4*w + 6 = 22. Let k(u) = -u**2 - u + 3. Determine k(f).
-9
Suppose 4*q = 2*k + 58, -q - 5*k = -28 - 3. Let z = q - 12. Suppose -12 = z*v - 6*v. Let n(o) = o**2 - 5*o - 8. Determine n(v).
-2
Let j(g) be the first derivative of g**3/3 - 2*g**2 + 9*g - 32. Calculate j(8).
41
Suppose -4*m = -4*i + 68, -3*i = -6*i + 4*m + 56. Let v = 14 - i. Let q(y) = 0 + 0 + 2*y**v - 5*y - y**2. Determine q(6).
6
Let i(d) = 2*d - 6. Let h(n) = 8*n**3 + n**2. Let z be h(1). Suppose -5*s - 20 = -z*s. Give i(s).
4
Let k(v) = -2*v**2 - v**3 + 5 - 5*v**2 + 6*v + 2*v**3. Let x be k(6). Let i(t) = t**2 - 1. Let s(n) = 5*n + 5. Let z(w) = i(w) - s(w). Give z(x).
-6
Let a(k) = -3*k**3 - k**2 - k + 1. Let z(h) = 16*h**3 + 16*h**2 + 13*h - 19. Let l(v) = -5*a(v) - z(v). What is l(-10)?
-6
Let m(z) = -24*z**3 - 5*z**2 + z - 7. Let n(h) = 71*h**3 + 14*h**2 - 3*h + 20. Let j(t) = 17*m(t) + 6*n(t). Let l = 27 + -26. Give j(l).
17
Let m(t) be the first derivative of -t**4/4 + 7*t**3/3 + t**2/2 + 5*t - 66. Determine m(7).
12
Let i be 15/(-12) + 5/20. Let m(p) = 35*p**2 + 2*p + 1. Calculate m(i).
34
Suppose 15 + 13 = 4*o. Let h(y) = -2 - 2*y - 5*y + y**2 + o*y. Determine h(-2).
2
Let h(x) = x + 32. Suppose -7*i + 2*i + 12 = -4*y, -6 = -3*i + 2*y. Determine h(i).
32
Let c(z) = -z**3 - 8*z**2 - z - 3. Let w = -300 + 555. Let l be (-2070)/w + (-2)/(-17). Determine c(l).
5
Let v = 5 + 1. Suppose -4*p + 4*r + 8 = 0, -5*r - 3 = -p - 17. Let x(q) = v*q + 4 - q - p*q. Calculate x(6).
-2
Let z = -1 - -1. Suppose -2 = 4*c - 26. Let j(u) = u**2 - 5 + u - 2*u**3 + 0*u**3 - 5*u**3 + c*u**3. Calculate j(z).
-5
Let q(s) = s**3 - 11*s**2 - 79*s - 10. Let k be q(16). Let n(i) = -i + 12. Calculate n(k).
6
Suppose 0 = 4*v + 5*g - 20, 0*v - 4*v = -g + 4. Let s(h) = h**2 + 17. What is s(v)?
17
Let v(g) be the second derivative of g**4/24 - g**3/3 + 7*g**2/2 + 15*g. Let f(o) be the first derivative of v(o). Determine f(3).
1
Let h(g) = g**3 + 6*g**2 - 7*g - 5. Suppose d - 1 - 2 = 0. Suppose -2*u = p + d, 4 - 3 = p + 4*u. Let m be h(p). Let a(o) = -2*o - 7. Determine a(m).
3
Let z(o) = 3*o + 4. Let m(g) = g**3 - 5*g**2 - 4*g - 9. Let f be m(6). Suppose -5*p - 13 - 4 = -2*a, 2*p - f*a = 2. Determine z(p).
-11
Let o(c) be the first derivative of -c**3/3 - 3*c**2/2 - 4*c + 755. Suppose 5*a + 8 + 12 = 0. Give o(a).
-8
Suppose -4*n + 5*g - 4 = -20, 2*n + g = 8. Let p(b) = n*b - 3 - 5*b - 3. Let s(f) = f**2 - 24*f - 58. Let w be s(26). Calculate p(w).
0
Let b(j) = -j**3 + 4*j**2 + 3*j + 5. Suppose 14*v + 373 = 443. Give b(v).
-5
Let j(h) be the third derivative of h**6/120 - 3*h**5/20 - 5*h**4/24 - h**3 + h**2 + 13*h. Give j(10).
44
Suppose -4*v - 2*w = 6, 0 = 4*w - 5 + 17. Let n be 1 + 2 - v/(-1). Suppose -5 = -n*h + 2*m, 3*m - 3 = -2*h - 4. Let a(p) = -3*p. Give a(h).
-3
Let g(u) = u**2 - 8*u - 3. Let a(t) = -t**2 - 17*t + 34. Let z be a(-18). Suppose -5 = -5*j + 3*q + 18, 0 = 4*j - 3*q - z. Calculate g(j).
-10
Let z(x) be the first derivative of -40 - 2*x**3 + 2*x - 5/2*x**2 - 1/4*x**4. Give z(-5).
2
Let d(m) = m**2 + 23*m - 7. Let u be ((-55)/(-165))/(1/(-69)). Determine d(u).
-7
Let p be (9/(-3))/(-3) - 240/(-3). Let